ulate the highest common factor of 5168974 and 2059420.
1702
Calculate the highest common factor of 1161 and 2136928.
43
Calculate the greatest common factor of 3042 and 696852.
234
What is the greatest common divisor of 250258710 and 4472?
1118
Calculate the highest common divisor of 317 and 257868405.
317
What is the highest common divisor of 58166 and 220726?
254
What is the highest common factor of 5344 and 406720?
32
What is the greatest common divisor of 11797 and 142066?
251
Calculate the highest common factor of 1104 and 31745865.
69
Calculate the greatest common divisor of 457320 and 190032.
888
Calculate the greatest common factor of 120960 and 534.
6
Calculate the greatest common factor of 1 and 28736719.
1
What is the greatest common divisor of 33 and 8026755?
33
Calculate the highest common divisor of 6570882 and 47.
47
Calculate the greatest common divisor of 471329 and 2332.
53
Calculate the greatest common factor of 2457 and 967617.
63
What is the highest common factor of 83331 and 1088622?
1773
What is the highest common factor of 1227160 and 1256?
8
What is the highest common factor of 3265411 and 34?
17
Calculate the greatest common divisor of 174 and 542106.
6
What is the highest common factor of 3870 and 8678862?
774
Calculate the greatest common factor of 5469742 and 35647.
829
Calculate the highest common divisor of 231460504 and 176.
88
Calculate the greatest common factor of 2940511 and 42.
7
Calculate the greatest common factor of 2490950 and 350.
350
Calculate the highest common divisor of 993 and 46791.
3
What is the greatest common divisor of 698056 and 232?
8
What is the highest common divisor of 4918436 and 95084?
8644
Calculate the greatest common factor of 8 and 417593256.
8
Calculate the greatest common divisor of 382328002 and 28.
14
Calculate the greatest common factor of 3922 and 460888.
106
What is the highest common divisor of 13 and 43301453?
13
Calculate the greatest common divisor of 19153 and 12332921.
179
What is the highest common divisor of 354776 and 7320?
488
What is the greatest common divisor of 53 and 572239781?
53
What is the highest common factor of 2 and 107119846?
2
Calculate the highest common factor of 261 and 13839583.
29
Calculate the greatest common factor of 668640 and 481182.
1194
Calculate the greatest common divisor of 10085621 and 994.
497
What is the greatest common factor of 2494682 and 4947612?
10438
Calculate the highest common divisor of 366624 and 187872.
1824
Calculate the highest common divisor of 2692 and 15009919.
673
Calculate the greatest common factor of 5831728 and 448.
112
What is the highest common divisor of 62449 and 523367?
317
Calculate the highest common factor of 16937892 and 6612.
228
Calculate the highest common divisor of 1401356 and 176.
44
What is the highest common divisor of 167726988 and 33?
33
What is the highest common divisor of 18 and 65250090?
18
Calculate the greatest common factor of 3736971 and 38493.
63
What is the greatest common factor of 177200496 and 1584?
1584
Calculate the highest common factor of 9512 and 11284758.
82
What is the highest common factor of 25254819 and 171?
171
Calculate the highest common factor of 18 and 16590609.
9
What is the greatest common factor of 14092985 and 1171?
1171
What is the highest common divisor of 224920 and 980?
20
What is the greatest common factor of 345 and 78624330?
15
What is the highest common divisor of 50105181 and 21?
21
Calculate the highest common factor of 93518 and 251712.
874
What is the greatest common divisor of 3772032 and 1410?
282
Calculate the greatest common divisor of 17582 and 795418471.
8791
What is the greatest common divisor of 446 and 878?
2
Calculate the highest common divisor of 4240 and 294468.
212
Calculate the highest common factor of 165141 and 376479.
531
What is the highest common factor of 5171144 and 66?
22
Calculate the highest common factor of 3642047 and 3941.
563
What is the greatest common factor of 81635 and 1629885?
2815
Calculate the highest common divisor of 1182 and 121805100.
1182
What is the highest common factor of 3667248 and 26676?
1404
Calculate the greatest common divisor of 32824 and 20501572.
1492
What is the greatest common divisor of 698493 and 907596?
4449
Calculate the highest common divisor of 5554666 and 338.
26
Calculate the greatest common factor of 801233 and 80497.
101
What is the greatest common factor of 283141370 and 1060?
530
Calculate the highest common factor of 166274512 and 16.
16
Calculate the greatest common factor of 1050622 and 180694.
1082
Calculate the highest common factor of 22828 and 3557996.
52
What is the highest common factor of 1019900 and 2449?
31
What is the greatest common divisor of 269019 and 825801?
213
Calculate the greatest common factor of 622739765 and 1115.
1115
What is the highest common factor of 36 and 124671558?
6
Calculate the highest common divisor of 506605 and 88855195.
8305
What is the greatest common factor of 3306243 and 1533?
219
Calculate the highest common factor of 82 and 3015837.
41
Calculate the greatest common divisor of 2199488 and 1856.
64
Calculate the greatest common factor of 5535770 and 73504.
4594
Calculate the greatest common divisor of 400 and 103992736.
16
What is the highest common divisor of 29 and 890261807?
29
What is the highest common divisor of 1761088 and 4256?
224
Calculate the highest common factor of 342 and 3994978.
38
What is the greatest common factor of 146265 and 11467470?
735
What is the highest common factor of 35246840 and 40?
40
Calculate the greatest common divisor of 1628 and 140981137.
407
What is the highest common factor of 733032 and 24876?
36
What is the greatest common divisor of 158 and 801203622?
158
Calculate the highest common factor of 22980789 and 30537.
3393
What is the greatest common divisor of 94219617 and 1293?
1293
What is the greatest common divisor of 49453 and 782521?
2909
Calculate the greatest common factor of 34276 and 428241.
209
Calculate the highest common factor of 8249 and 76577.
73
What is the highest common factor of 85 and 167552867?
17
What is the greatest common divisor of 70 and 139099380?
70
What is the greatest common factor of 53586184 and 586?
586
Calculate the highest common divisor of 50774403 and 8588.
2147
What is the highest common factor of 36100 and 72?
4
What is the greatest common factor of 2827153 and 147?
49
Calculate the highest common divisor of 284 and 5172989.
71
Calculate the highest common factor of 182913 and 478141.
3209
What is the greatest common factor of 21893788 and 3478?
74
What is the highest common factor of 29546 and 857582?
374
What is the greatest common divisor of 71675 and 153173?
47
Calculate the greatest common divisor of 22 and 13459391.
11
Calculate the highest common divisor of 1969475 and 235.
5
What is the greatest common factor of 1867839 and 3?
3
Calculate the highest common factor of 1913620 and 842710.
1630
What is the highest common divisor of 760 and 16056680?
40
What is the greatest common factor of 32 and 612880?
16
Calculate the highest common divisor of 2485068 and 26448.
348
What is the highest common factor of 290100 and 408?
12
Calculate the highest common divisor of 314 and 228363094.
314
Calculate the greatest common factor of 1789862323 and 782.
391
Calculate the greatest common factor of 441126952 and 19.
19
Calculate the highest common factor of 87590159 and 124.
31
Calculate the greatest common factor of 33277381 and 90729.
10081
Calculate the greatest common factor of 3357055 and 325.
65
What is the highest common factor of 59846656 and 13376?
1216
What is the highest common factor of 2017048 and 363?
11
Calculate the highest common divisor of 88387565 and 105.
35
What is the greatest common divisor of 181 and 3767696?
181
What is the highest common divisor of 2303450 and 67850?
1150
Calculate the greatest common divisor of 333586 and 729476.
1298
What is the highest common divisor of 88 and 212993?
11
What is the greatest common divisor of 35 and 2441015?
5
Calculate the greatest common divisor of 374096396 and 38.
38
What is the highest common factor of 47142451 and 73?
73
What is the highest common divisor of 6353883 and 18?
9
What is the greatest com